011212012001 (base 3) to base 9
3155161
-34310 (base 7) to base 8
-21031
-214412 (base 11) to base 9
-571816
3452 (base 14) to base 2
10001110000000
Convert 26546340 (base 8) to base 6.
331313252
What is 970554 (base 10) in base 5?
222024204
What is 2233332 (base 4) in base 5?
330022
Convert -214844 (base 11) to base 12.
-146663
-305423 (base 10) to base 7
-2411306
45c6d (base 16) to base 3
112112001101
Convert -248660 (base 9) to base 2.
-100100110010111010
615b2b (base 12) to base 16
174113
What is 161a6 (base 11) in base 2?
101100101010000
206400 (base 9) to base 4
131332230
1101415 (base 11) to base 3
10122021120001
Convert 40004022 (base 5) to base 2.
1001100011010110100
499a (base 15) to base 3
210111101
Convert -4420024002 (base 5) to base 12.
-323894a
Convert 100330130121 (base 4) to base 6.
235112133
Convert a7b743 (base 12) to base 7.
31361160
-535c2 (base 14) to base 3
-101020100120
Convert -1a0371 (base 14) to base 11.
-580242
2400 (base 7) to base 6
4030
What is 107387 (base 10) in base 13?
39b57
What is -16747532 (base 9) in base 3?
-120211121121002
Convert -24cd26 (base 16) to base 11.
-13a8039
Convert -45492 (base 10) to base 5.
-2423432
Convert 1b522 (base 16) to base 15.
23256
What is 1000000000111111000110 (base 2) in base 9?
3852255
-25655 (base 16) to base 11
-a5099
1232255 (base 6) to base 16
1044b
-42335300 (base 6) to base 15
-197c90
Convert 3167077 (base 9) to base 13.
475aa7
Convert -912001 (base 11) to base 3.
-2202112000120
Convert -1002111012001 (base 3) to base 13.
-174259
-2423143 (base 6) to base 2
-11111001011100111
What is 3365641 (base 7) in base 16?
667e4
What is 776742 (base 9) in base 10?
464249
What is -beffe (base 16) in base 5?
-200013314
Convert 273176 (base 10) to base 14.
717a8
-130931 (base 10) to base 2
-11111111101110011
What is -320000 (base 7) in base 11?
-38543
a3bb0 (base 16) to base 14
13658c
What is 43636040 (base 7) in base 6?
212310402
7949b (base 16) to base 15
9c2ea
Convert -240200430 (base 5) to base 9.
-2056060
102012122202 (base 3) to base 8
656735
Convert -329f32 (base 16) to base 5.
-1322130204
-25982 (base 14) to base 16
-1690e
What is 2112332302 (base 4) in base 2?
10010110111110110010
-4200341414 (base 5) to base 10
-8605859
Convert 132333311031 (base 4) to base 11.
4650017
What is -e32b (base 16) in base 13?
-20616
What is 110001000121021 (base 3) in base 10?
6397414
Convert -85717 (base 10) to base 4.
-110323111
Convert -69ca7 (base 13) to base 15.
-3c41e
What is 31330223120 (base 4) in base 10?
3656408
What is 2f0fc (base 16) in base 3?
100210102102
What is -1101000010001010111000 (base 2) in base 12?
-1189360
Convert 111222201002 (base 4) to base 6.
321420242
Convert b4879 (base 13) to base 11.
20180a
What is -253325 (base 7) in base 4?
-23123132
Convert -6a31b4 (base 14) to base 10.
-3619690
Convert 3cd06 (base 15) to base 6.
4104110
What is -10158 (base 10) in base 9?
-14836
What is 155fcb (base 16) in base 12?
576777
What is 63590 (base 15) in base 11?
1a5847
Convert 33144463 (base 7) to base 12.
b56294
ab40 (base 12) to base 14
6c6c
-10111111101011111011 (base 2) to base 11
-496990
-33e12c (base 16) to base 9
-6351805
What is -133022210 (base 4) in base 6?
-2422552
What is -16455548 (base 9) in base 13?
-1928936
-7814e3 (base 15) to base 9
-11685336
What is 24806 (base 14) in base 13?
318b7
What is -1979 (base 16) in base 11?
-4999
Convert 11101101010002 (base 3) to base 5.
1044024332
-26bc83 (base 14) to base 4
-11012312223
Convert -1322343241 (base 5) to base 12.
-1144105
What is -333210233 (base 4) in base 5?
-31313044
-222143424 (base 5) to base 11
-606480
What is 508891 (base 11) in base 10?
816971
What is 8fe545 (base 16) in base 2?
100011111110010101000101
What is -21011140 (base 5) in base 6?
-3411222
600070 (base 9) to base 12
151099
-7027571 (base 11) to base 15
-115aec4
What is -13222155 (base 6) in base 7?
-3504401
-80891 (base 11) to base 12
-58498
-2774834 (base 9) to base 16
-1747f3
-44010123 (base 6) to base 12
-530943
1d438 (base 16) to base 12
59448
Convert 52144c (base 13) to base 7.
22201351
Convert 564136 (base 7) to base 11.
69059
What is 3000015 (base 6) in base 12?
6900b
-1001564 (base 9) to base 14
-dc173
What is -72161 (base 12) in base 8?
-442531
What is -21220002022 (base 3) in base 4?
-211323023
What is -110542505 (base 6) in base 12?
-807a35
Convert 344140140 (base 6) to base 4.
120100103130
What is 1777a15 (base 11) in base 6?
144320112
Convert -150224 (base 10) to base 14.
-3ca64
-40388 (base 10) to base 5
-2243023
Convert -402152502 (base 6) to base 14.
-c99bb8
Convert -10013330 (base 5) to base 7.
-446643
Convert 4525723 (base 10) to base 14.
85b45d
What is -104021414 (base 5) in base 16?
-6efd1
Convert -ba940c (base 13) to base 2.
-10000101111110110010110
What is -bda0ff (base 16) in base 14?
-1916d9d
248fa (base 16) to base 8
444372
What is -972024 (base 10) in base 8?
-3552370
-603254b (base 12) to base 2
-1000100100110001110001011
Convert -443340 (base 5) to base 4.
-3301232
Convert -100100111100111 (base 2) to base 15.
-5914
213033 (base 6) to base 3
220000210
-232330133 (base 4) to base 12
-9333b
Convert -30411201 (base 5) to base 12.
-bb3b8
What is 32103212 (base 5) in base 2?
1000001101101111110
Convert 773700 (base 10) to base 9.
1408276
4884762 (base 12) to base 15
138a44e
What is -121212542 (base 6) in base 10?
-2303630
102001110002 (base 3) to base 16
351e0
What is -201550442 (base 6) in base 14?
-65bb3c
What is e8382 (base 16) in base 14?
1aa8ca
Convert a7448 (base 12) to base 2.
110101101110111000
What is -433448 (base 9) in base 2?
-111111000110000010
bbb78c (base 13) to base 14
8322a0
9520 (base 10) to base 13
4444
What is -1321001032 (base 4) in base 2?
-1111001000001001110
What is 23033020033 (base 4) in base 3?
12112122112111
Convert -21301330312 (base 4) to base 13.
-6b9cc8
What is 240503211 (base 6) in base 11?
2606973
What is -10142376 (base 10) in base 16?
-9ac2a8
What is -14024024 (base 5) in base 14?
-39c69
Convert -32060 (base 9) to base 2.
-101001011001011
Convert 11010100001010011110011 (base 2) to base 14.
ccd843
What is -122031321331 (base 4) in base 10?
-6872701
Convert 101212201222010 (base 3) to base 9.
11781863
What is -1479695 (base 10) in base 16?
-16940f
Convert 30302131012 (base 4) to base 5.
1324234030
38a201 (base 15) to base 2
1010010111011010001110
10211020002012 (base 3) to base 4
13300002212
Convert 143332002 (base 5) to base 16.
b9e9e
Convert -20211210020 (base 3) to base 9.
-224706
2241535 (base 7) to base 3
112011220011
What is 1002022201 (base 3) in base 13?
9964
What is 58990 (base 13) in base 11?
100800
Convert -210110121210 (base 3) to base 16.
-67290
What is -1111043 (base 6) in base 4?
-31222203
What is -212222220220 (base 3) in base 10?
-472335
-112001023220 (base 4) to base 13
-12712b8
Convert 15a390 (base 12) to base 11.
233266
Convert 25164110 (base 7) to base 16.
229b44
16d5f (base 16) to base 6
2001011
Convert -202102122121 (base 3) to base 2.
-1100010001011101010
What is 47486c (base 15) in base 7?
40650516
Convert -10353160 (base 8) to base 10.
-2217584
Convert 22002220021221 (base 3) to base 11.
2483133
-b25b (base 15) to base 12
-19965
What is 31003220103 (base 4) in base 7?
41043555
Convert -1135e00 (base 15) to base 5.
-11123300100
What is 413a7 (base 13) in base 5?
12221320
What is -463618 (base 10) in base 8?
-1611402
What is 51123 (base 13) in base 3?
21101011210
Convert -242937 (base 12) to base 9.
-1082017
7b90be (base 15) to base 16
5a12ce
Convert -379187 (base 10) to base 9.
-637128
Convert 3339483 (base 12) to base 15.
cd3973
What is -14a4aa0 (base 13) in base 9?
-13381663
Convert -46cd0 (base 16) to base 2.
-1000110110011010000
Convert -2733 (base 11) to base 7.
-13223
What is -522119 (base 10) in base 15?
-a4a7e
Convert 10742650 (base 8) to base 9.
4362764
1001202111121 (base 3) to base 12
233707
What is -10bb74 (base 13) in base 9?
-665131
What is 350303052 (base 6) in base 4?
120221301020
What is -110010110000000 (base 2) in base 6?
-320144
Convert -201221102211 (base 3) to base 9.
-657384
Convert 15362150 (base 8) to base 13.
968791
What is -121001001212222 (base 3) in base 11?
-48a2326
304131340 (base 5) to base 8
4565053
What is -28a8965 (base 11) in base